What is the remainder when p is divided by 43?
38
Suppose 0 = 6*j - 71 - 67. What is the remainder when 112 is divided by j?
20
What is the remainder when (219/(-12))/(3/(-24)) is divided by 38?
32
Let q be (-77)/(-21) + (-2)/(-6). Let z be (2 - 3) + -3 + q. Suppose z*o - 5*o + 75 = 0. What is the remainder when 58 is divided by o?
13
Suppose -26*x + 2195 = -665. Calculate the remainder when x is divided by 16.
14
What is the remainder when 78/13*1*382/6 is divided by 124?
10
Suppose 16 = -2*x + 3*x. Suppose 151 = 3*i + 5*h, -5*i + 8*i - 4*h = 133. Calculate the remainder when i is divided by x.
15
Let m(r) = -r + 35. Suppose -19*z + 8*z = 121. Calculate the remainder when 229 is divided by m(z).
45
Suppose 2*i = -4*m + 90, 2*m + 35 + 68 = 3*i. What is the remainder when i is divided by (-16)/6*(-1 - 2)?
5
Let k(r) = -r**3 - r**2 - r - 1. What is the remainder when 17 is divided by k(-2)?
2
Let w(k) = 12*k**2 - 3*k - 11. What is the remainder when w(9) is divided by 17?
16
Let d(a) = 8*a**2 + 57*a + 9. Calculate the remainder when 34 is divided by d(-7).
0
Suppose 81 = -2*s - j, j - 2*j = 5. Let l = s + 81. What is the remainder when l is divided by 9?
7
Let v = 411 - 347. Calculate the remainder when v is divided by 26.
12
Suppose 2*o - 19 = -5*s, -3 = -o - 2*o + s. Suppose -24 = -o*a - 4*z, -5*a + 4*z + z = 15. Suppose a*f - 2 = -0. What is the remainder when 1 is divided by f?
0
Let p(x) be the first derivative of 19*x**2/2 - 2*x + 45. Calculate the remainder when p(3) is divided by 20.
15
Let w = -41 - -37. What is the remainder when 2/(-7)*-92 - w/(-14) is divided by 5?
1
Suppose -20 = -5*i - 5*u - 0*u, 0 = i - 5*u - 28. Calculate the remainder when i is divided by 5.
3
Let s be -4 - (49/1 + 1). Let o = 65 + s. Calculate the remainder when o is divided by 3.
2
Let g(z) = 3*z**2 + 4*z + 4. Let n be -4 - (0 - -1)*-1. What is the remainder when 73 is divided by g(n)?
16
Let c = 3367 + -3339. What is the remainder when c is divided by 0 - (1 + -7) - 0?
4
Let p = 63 + -62. Let q = 64 + p. What is the remainder when q is divided by 17?
14
Let n be (9 - 17)*(-2)/(-2). What is the remainder when 25 is divided by 1/(-2) - 36/n?
1
Let u = 45 + -38. What is the remainder when u/(75/70 + -1) is divided by 25?
23
Suppose -5*k + 4 + 6 = 0. Suppose -3*a - 4*f + 123 = 0, 0 = 3*a + 2*a + k*f - 219. Calculate the remainder when a is divided by 8.
5
Let a(p) = -3*p**3 - 8*p**2 - 4*p + 5. What is the remainder when a(-3) is divided by 26?
0
Suppose 3*c - 5*c = -32. Suppose 2*i - 13*i = -176. Suppose c = 2*a - i. What is the remainder when 61 is divided by a?
13
Suppose -7*s = -19*s + 240. What is the remainder when 32 is divided by s?
12
Let a = -680 - -939. What is the remainder when a is divided by 110?
39
Suppose 0*l - 50 = -5*l. Let t(s) be the second derivative of -s**5/20 + 5*s**4/12 + s**3/6 - s**2/2 + 39*s. Calculate the remainder when t(4) is divided by l.
9
Suppose 4*z - u - 2*u + 57 = 0, 5*u + 5 = 0. Calculate the remainder when 41 is divided by (15/25)/((-1)/z).
5
Let x(p) = 2*p**2 - 2*p - 11. Let q be x(11). Suppose q = 8*n + 33. Calculate the remainder when n is divided by 10.
2
Let r = -73 + 122. Suppose 4*l - 325 = -5*a, -3*a + 114 + r = -4*l. What is the remainder when a is divided by (-11)/(-22)*(4 + 58)?
30
Let g = 4 - 0. Calculate the remainder when g + (-5 + 4)*-78 is divided by 28.
26
Let z(w) = 14*w - 212. Calculate the remainder when ((-8)/4)/(6/(-129)) is divided by z(16).
7
Let w = 269 - 219. What is the remainder when w is divided by 15?
5
Let d = -17 - -65. What is the remainder when d is divided by ((340/(-6))/5)/(24/(-36))?
14
Suppose -5*k + 50 = -145. Let y be 4/(-24)*-4*3. Suppose y*l = -2*j + 12, 3*l - 38 = -j + 3*j. Calculate the remainder when k is divided by l.
9
Suppose 0 = 2*z + 2*z - 372. Suppose -81*c = -83*c - 80. Let b = c + 64. What is the remainder when z is divided by b?
21
Let d(b) = -b**3 + 3*b**2 + 19*b - 9. Calculate the remainder when d(4) is divided by 39.
12
Suppose 0 = -4*q + 3*q - 1. Let u = 1 + q. Suppose u = 3*j, -n + 4*j + 5 + 10 = 0. Calculate the remainder when 44 is divided by n.
14
Let v = 710 + -701. Suppose 3*b - 6*b + 123 = 3*w, 0 = -5*w. What is the remainder when b is divided by v?
5
What is the remainder when 32/(-40)*420/(-8) + -5 is divided by 28?
9
What is the remainder when 107 is divided by 42/24 - 945/(-36)?
23
Let m = -524 - -757. What is the remainder when m is divided by 40?
33
Suppose -b - 3*z = z - 24, -5*b - 2*z = -138. Let a = -140 - -220. Calculate the remainder when a is divided by b.
24
Let b(h) = -2 - 3*h + 4*h + 11. Calculate the remainder when (-3)/(24/32*(-8)/34) is divided by b(0).
8
Let c = 187 - 127. What is the remainder when 356 is divided by c?
56
Suppose -2*n - 520 = -2*f, 7*f - 12*f + 1294 = -2*n. Calculate the remainder when f is divided by 65.
63
Suppose -10*h - 2042 = -15*h - 4*k, -5*k + 1639 = 4*h. Calculate the remainder when h is divided by 68.
66
Suppose -3*a - 2*y = -2*a - 33, -y - 159 = -4*a. Suppose -38*t = -a*t + 35. Calculate the remainder when t is divided by 9.
8
Suppose -7*f + 20 = -3*f. Let d(i) = i**2 + 4 - f - i - 5 + 4*i. Calculate the remainder when 35 is divided by d(3).
11
Let z(i) = -i. Let q be z(3). Suppose -9*c - 1 = -91. What is the remainder when c is divided by (q/2)/(1/(-2))?
1
Suppose 8*s = -25*s + 2673. Let y be (-1)/(1/2) - 19. Calculate the remainder when s is divided by (3 - 2) + -1 - y.
18
Suppose -4*n + 15*l - 10*l = -430, -2*l - 106 = -n. Calculate the remainder when n is divided by 56.
54
Suppose 0*t - 9 = -x - t, 5*t + 15 = 0. Suppose 12 = -4*z, 3*j - z - 3 = 12. Suppose 0 = j*n - 178 + 46. Calculate the remainder when n is divided by x.
9
Let n(q) = -q**3 + 5*q**2 - 2*q + 1. Calculate the remainder when 33 is divided by n(4).
6
Suppose -142 = 6*h - 568. Calculate the remainder when h is divided by 23.
2
Let g be ((-68)/3 - -1)*-3. Suppose 0 = 3*p - g - 19. Let n = p - 13. What is the remainder when n is divided by 4?
3
Calculate the remainder when (1035/10)/((-3)/(-6)) is divided by 49.
11
Suppose 18*a + 222 = 744. Calculate the remainder when 37 is divided by a.
8
Suppose 11 - 13 = -2*i, 0 = 2*c - 5*i + 1. What is the remainder when 8 is divided by c?
0
Suppose 42*v = 92*v - 900. What is the remainder when 107 is divided by v?
17
Suppose -2*x - 5*y + 58 = 0, 3*x + 5*y = -2 + 79. Let g = -67 + 116. Suppose -q - 4*q = t - g, -t - 11 = -q. What is the remainder when x is divided by q?
9
Suppose w - 9 = -y, 4*w + 13 = w + 5*y. Let r(i) = 6*i + 15. Let c be r(-6). Let b = c - -26. Calculate the remainder when b is divided by w.
1
Let t(x) = -x**3 - 7*x**2 + 9*x + 51. Calculate the remainder when 152 is divided by t(-8).
23
Suppose 6*m + 4*r - 50 = 3*m, -3*m - r = -53. Calculate the remainder when (0 + -6)*230/(-20) is divided by m.
15
Let y(i) = -4*i**2 + i + 2. Let l be y(0). Suppose -a = -2 - 0. Suppose a*z + 156 = 4*q, -4*z = -l*q + z + 78. What is the remainder when q is divided by 14?
11
Suppose 0 = -s - 27 - 3. Let c = 20 + -14. What is the remainder when (-9)/(-9)*s/(-2) is divided by c?
3
Suppose -5*q + 5*z + 24 + 36 = 0, 4*z + 12 = 0. Suppose -4*x - 3*b + 53 = 0, -6*x - 5*b + 23 = -4*x. What is the remainder when x is divided by q?
5
Suppose 0 = 27*z - 6974 - 9901. What is the remainder when z is divided by 19?
17
Suppose -y + 34 = 15. What is the remainder when 32 is divided by y?
13
Suppose -28*b + 246 = 13*b. What is the remainder when 11 is divided by b?
5
Let i(a) = -a**3 + 6*a**2 - 4*a. Let v be i(5). Suppose v*x - 693 = -4*q, -2*x - q + 687 = 3*x. Calculate the remainder when x is divided by 47.
43
Let p(g) = 2*g**3 - 5*g**2 + 15*g - 29. What is the remainder when 130 is divided by p(3)?
5
Suppose -67*c = -53*c - 14. Calculate the remainder when 18 is divided by c.
0
Calculate the remainder when -1 - (-717 - 12/4) is divided by 40.
39
Suppose t + 5*r + 19 = 0, 0 = -4*t + 8*t - 3*r - 39. Suppose t*i - 2*i = 52. Let m(w) = -w**3 + 4*w**2 + w - 2. What is the remainder when i is divided by m(2)?
5
Suppose 3*d = 36 + 15. Let z(u) = u**3 + 8*u**2 + 7*u - 3. Suppose -4*c - 5*y + 0*y = -4, -8 = -2*y. Calculate the remainder when z(c) is divided by d.
16
Suppose -3*i = -46 + 7. Let l = -168 + 283. Suppose -l = -3*s 